{"id":16015,"date":"2024-01-29T14:05:04","date_gmt":"2024-01-29T14:05:04","guid":{"rendered":"https:\/\/tvnativoos.com.br\/wfe\/?page_id=16015"},"modified":"2024-01-29T14:07:28","modified_gmt":"2024-01-29T14:07:28","slug":"imoveis","status":"publish","type":"page","link":"https:\/\/tvnativoos.com.br\/wfe\/imoveis\/","title":{"rendered":"IM\u00d3VEIS"},"content":{"rendered":"\n<p><\/p>\n\n\n<div  class=\"ultp-post-grid-block wp-block-ultimate-post-post-grid-1 ultp-block-c0a719\"><div class=\"ultp-block-wrapper\"><div class=\"ultp-loading\"><div class=\"ultp-loading-blocks\" style=\"width:100%;height:100%;\"><div style=\"left: 0;top: 0;animation-delay:0s;\"><\/div><div style=\"left: 21px;top: 0;animation-delay:0.125s;\"><\/div><div style=\"left: 42px;top: 0;animation-delay:0.25s;\"><\/div><div style=\"left: 0;top: 21px;animation-delay:0.875s;\"><\/div><div style=\"left: 42px;top: 21px;animation-delay:0.375s;\"><\/div><div style=\"left: 0;top: 42px;animation-delay:0.75s;\"><\/div><div style=\"left: 42px;top: 42px;animation-delay:0.625s;\"><\/div><div style=\"left: 21px;top: 42px;animation-delay:0.5s;\"><\/div><\/div><\/div><div class=\"ultp-heading-filter\"><div class=\"ultp-heading-filter-in\"><div class=\"ultp-heading-wrap ultp-heading-style15 ultp-heading-center\"><h2 class=\"ultp-heading-inner\"><span>IM\u00d3VEIS \u00e0 venda <\/span><\/h2><\/div><div class=\"ultp-filter-navigation\"><\/div><\/div><\/div><div class=\"ultp-block-items-wrap ultp-block-row ultp-pg1a-style1 ultp-grid1-responsive ultp-block-column-4 ultp-sm-column-2 ultp-xs-column-1 ultp-layout1\"><div class=\"ultp-block-item post-id-30256\"><div class=\"ultp-block-content-wrap\"><div class=\"ultp-block-image ultp-block-image-opacity\"><a href=\"https:\/\/tvnativoos.com.br\/wfe\/horoscopo-2025-confira-a-previsao-de-hoje-25-9-para-seu-signo\/\" ><img decoding=\"async\"  class=\"ultp-block-image-content\"  alt=\"Hor\u00f3scopo 2025: confira a previs\u00e3o de hoje (25\/9) para seu signo\"  src=\"https:\/\/tvnativoos.com.br\/wfe\/wp-content\/uploads\/2025\/09\/horoscopo-ok.jpg\" \/><\/a><\/div><div class=\"ultp-block-content\"><div class=\"ultp-category-grid ultp-category-classic ultp-category-aboveTitle\"><div class=\"ultp-category-in\"><a class=\"ultp-cat-tramandai-imoveis\" href=\"https:\/\/tvnativoos.com.br\/wfe\/category\/imoveis\/tramandai-imoveis\/\"  >Tramanda\u00ed<\/a><\/div><\/div><h3 class=\"ultp-block-title \"><a href=\"https:\/\/tvnativoos.com.br\/wfe\/horoscopo-2025-confira-a-previsao-de-hoje-25-9-para-seu-signo\/\" >Hor\u00f3scopo 2025: confira a previs\u00e3o de hoje (25\/9) para seu signo<\/a><\/h3><div class=\"ultp-block-readmore\"><a aria-label=\"Hor\u00f3scopo 2025: confira a previs\u00e3o de hoje (25\/9) para seu signo\" href=\"https:\/\/tvnativoos.com.br\/wfe\/horoscopo-2025-confira-a-previsao-de-hoje-25-9-para-seu-signo\/\" >Ver detalhes<svg xmlns=\"http:\/\/www.w3.org\/2000\/svg\" fill=\"none\" viewBox=\"0 0 24 24\">\r\n  <path stroke=\"currentColor\" stroke-linecap=\"round\" stroke-linejoin=\"round\" stroke-width=\"1.5\" d=\"m12 20.5 8.5-8.5m0 0L12 3.5m8.5 8.5h-17\"\/>\r\n<\/svg>\r\n<\/a><\/div><\/div><\/div><\/div><div class=\"ultp-block-item post-id-17061\"><div class=\"ultp-block-content-wrap\"><div class=\"ultp-block-image ultp-block-image-opacity\"><a href=\"https:\/\/tvnativoos.com.br\/wfe\/oportunidade-unica-em-tramandai\/\" ><img decoding=\"async\"  class=\"ultp-block-image-content\"  alt=\"Oportunidade \u00fanica em Tramanda\u00ed\"  src=\"https:\/\/tvnativoos.com.br\/wfe\/wp-content\/uploads\/2024\/04\/WhatsApp-Image-2024-03-28-at-2.52.10-PM-870x570.jpeg\" \/><\/a><\/div><div class=\"ultp-block-content\"><div class=\"ultp-category-grid ultp-category-classic ultp-category-aboveTitle\"><div class=\"ultp-category-in\"><a class=\"ultp-cat-tramandai-imoveis\" href=\"https:\/\/tvnativoos.com.br\/wfe\/category\/imoveis\/tramandai-imoveis\/\"  >Tramanda\u00ed<\/a><\/div><\/div><h3 class=\"ultp-block-title \"><a href=\"https:\/\/tvnativoos.com.br\/wfe\/oportunidade-unica-em-tramandai\/\" >Oportunidade \u00fanica em Tramanda\u00ed<\/a><\/h3><div class=\"ultp-block-readmore\"><a aria-label=\"Oportunidade \u00fanica em Tramanda\u00ed\" href=\"https:\/\/tvnativoos.com.br\/wfe\/oportunidade-unica-em-tramandai\/\" >Ver detalhes<svg xmlns=\"http:\/\/www.w3.org\/2000\/svg\" fill=\"none\" viewBox=\"0 0 24 24\">\r\n  <path stroke=\"currentColor\" stroke-linecap=\"round\" stroke-linejoin=\"round\" stroke-width=\"1.5\" d=\"m12 20.5 8.5-8.5m0 0L12 3.5m8.5 8.5h-17\"\/>\r\n<\/svg>\r\n<\/a><\/div><\/div><\/div><\/div><div class=\"ultp-block-item post-id-16012\"><div class=\"ultp-block-content-wrap\"><div class=\"ultp-block-image ultp-block-image-opacity\"><a href=\"https:\/\/tvnativoos.com.br\/wfe\/ultimas-unidades-residencial-essen-em-tramandai\/\" ><img decoding=\"async\"  class=\"ultp-block-image-content\"  alt=\"Corretor Ant\u00f4nio Baltar, apresenta \u00faltimas unidades do Residencial Essence em Tramanda\u00ed\"  src=\"https:\/\/tvnativoos.com.br\/wfe\/wp-content\/uploads\/2024\/01\/WhatsApp-Image-2024-02-10-at-11.15.35-870x570.jpeg\" \/><\/a><\/div><div class=\"ultp-block-content\"><div class=\"ultp-category-grid ultp-category-classic ultp-category-aboveTitle\"><div class=\"ultp-category-in\"><a class=\"ultp-cat-imoveis\" href=\"https:\/\/tvnativoos.com.br\/wfe\/category\/imoveis\/\"  >IM\u00d3VEIS<\/a><a class=\"ultp-cat-tramandai-imoveis\" href=\"https:\/\/tvnativoos.com.br\/wfe\/category\/imoveis\/tramandai-imoveis\/\"  >Tramanda\u00ed<\/a><\/div><\/div><h3 class=\"ultp-block-title \"><a href=\"https:\/\/tvnativoos.com.br\/wfe\/ultimas-unidades-residencial-essen-em-tramandai\/\" >Corretor Ant\u00f4nio Baltar, apresenta \u00faltimas unidades do Residencial Essence em Tramanda\u00ed<\/a><\/h3><div class=\"ultp-block-readmore\"><a aria-label=\"Corretor Ant\u00f4nio Baltar, apresenta \u00faltimas unidades do Residencial Essence em Tramanda\u00ed\" href=\"https:\/\/tvnativoos.com.br\/wfe\/ultimas-unidades-residencial-essen-em-tramandai\/\" >Ver detalhes<svg xmlns=\"http:\/\/www.w3.org\/2000\/svg\" fill=\"none\" viewBox=\"0 0 24 24\">\r\n  <path stroke=\"currentColor\" stroke-linecap=\"round\" stroke-linejoin=\"round\" stroke-width=\"1.5\" d=\"m12 20.5 8.5-8.5m0 0L12 3.5m8.5 8.5h-17\"\/>\r\n<\/svg>\r\n<\/a><\/div><\/div><\/div><\/div><div class=\"ultp-block-item post-id-15981\"><div class=\"ultp-block-content-wrap\"><div class=\"ultp-block-image ultp-block-image-opacity\"><a href=\"https:\/\/tvnativoos.com.br\/wfe\/residencia-localizada-na-avenida-tramandai-889-na-praia-de-imbe\/\" ><img decoding=\"async\"  class=\"ultp-block-image-content\"  alt=\"Resid\u00eancia localizada na Avenida Tramanda\u00ed 889 na Praia de Imb\u00e9.\"  src=\"https:\/\/tvnativoos.com.br\/wfe\/wp-content\/uploads\/2024\/01\/WhatsApp-Image-2024-01-29-at-09.08.59-1-870x570.jpeg\" \/><\/a><\/div><div class=\"ultp-block-content\"><div class=\"ultp-category-grid ultp-category-classic ultp-category-aboveTitle\"><div class=\"ultp-category-in\"><a class=\"ultp-cat-imbe\" href=\"https:\/\/tvnativoos.com.br\/wfe\/category\/imoveis\/imbe\/\"  >Imb\u00e9<\/a><a class=\"ultp-cat-imoveis\" href=\"https:\/\/tvnativoos.com.br\/wfe\/category\/imoveis\/\"  >IM\u00d3VEIS<\/a><\/div><\/div><h3 class=\"ultp-block-title \"><a href=\"https:\/\/tvnativoos.com.br\/wfe\/residencia-localizada-na-avenida-tramandai-889-na-praia-de-imbe\/\" >Resid\u00eancia localizada na Avenida Tramanda\u00ed 889 na Praia de Imb\u00e9.<\/a><\/h3><div class=\"ultp-block-readmore\"><a aria-label=\"Resid\u00eancia localizada na Avenida Tramanda\u00ed 889 na Praia de Imb\u00e9.\" href=\"https:\/\/tvnativoos.com.br\/wfe\/residencia-localizada-na-avenida-tramandai-889-na-praia-de-imbe\/\" >Ver detalhes<svg xmlns=\"http:\/\/www.w3.org\/2000\/svg\" fill=\"none\" viewBox=\"0 0 24 24\">\r\n  <path stroke=\"currentColor\" stroke-linecap=\"round\" stroke-linejoin=\"round\" stroke-width=\"1.5\" d=\"m12 20.5 8.5-8.5m0 0L12 3.5m8.5 8.5h-17\"\/>\r\n<\/svg>\r\n<\/a><\/div><\/div><\/div><\/div><\/div><div class=\"ultp-loadmore\"><\/div><\/div><div class=\"pagination-block-html\" aria-hidden=\"true\" style=\"display: none;\"><\/div><\/div>","protected":false},"excerpt":{"rendered":"","protected":false},"author":1,"featured_media":0,"parent":0,"menu_order":0,"comment_status":"closed","ping_status":"closed","template":"","meta":{"footnotes":""},"class_list":["post-16015","page","type-page","status-publish","hentry"],"_links":{"self":[{"href":"https:\/\/tvnativoos.com.br\/wfe\/wp-json\/wp\/v2\/pages\/16015","targetHints":{"allow":["GET"]}}],"collection":[{"href":"https:\/\/tvnativoos.com.br\/wfe\/wp-json\/wp\/v2\/pages"}],"about":[{"href":"https:\/\/tvnativoos.com.br\/wfe\/wp-json\/wp\/v2\/types\/page"}],"author":[{"embeddable":true,"href":"https:\/\/tvnativoos.com.br\/wfe\/wp-json\/wp\/v2\/users\/1"}],"replies":[{"embeddable":true,"href":"https:\/\/tvnativoos.com.br\/wfe\/wp-json\/wp\/v2\/comments?post=16015"}],"version-history":[{"count":2,"href":"https:\/\/tvnativoos.com.br\/wfe\/wp-json\/wp\/v2\/pages\/16015\/revisions"}],"predecessor-version":[{"id":16018,"href":"https:\/\/tvnativoos.com.br\/wfe\/wp-json\/wp\/v2\/pages\/16015\/revisions\/16018"}],"wp:attachment":[{"href":"https:\/\/tvnativoos.com.br\/wfe\/wp-json\/wp\/v2\/media?parent=16015"}],"curies":[{"name":"wp","href":"https:\/\/api.w.org\/{rel}","templated":true}]}}